{"id":4586,"date":"2023-06-15T08:37:51","date_gmt":"2023-06-15T06:37:51","guid":{"rendered":"https:\/\/microscopy.bildosoft.com\/?page_id=4586"},"modified":"2023-09-29T11:49:45","modified_gmt":"2023-09-29T09:49:45","slug":"bildosoft-community","status":"publish","type":"page","link":"https:\/\/microscopy.bildosoft.com\/index.php\/fr\/bildosoft-community\/","title":{"rendered":"BildoSoft Community"},"content":{"rendered":"\t\t<div data-elementor-type=\"wp-page\" data-elementor-id=\"4586\" class=\"elementor elementor-4586\" data-elementor-post-type=\"page\">\n\t\t\t\t\t\t<section class=\"elementor-section elementor-top-section elementor-element elementor-element-895d922 elementor-section-boxed elementor-section-height-default elementor-section-height-default\" data-id=\"895d922\" data-element_type=\"section\" data-e-type=\"section\">\n\t\t\t\t\t\t<div class=\"elementor-container elementor-column-gap-default\">\n\t\t\t\t\t<div class=\"elementor-column elementor-col-100 elementor-top-column elementor-element elementor-element-6807556\" data-id=\"6807556\" data-element_type=\"column\" data-e-type=\"column\">\n\t\t\t<div class=\"elementor-widget-wrap elementor-element-populated\">\n\t\t\t\t\t\t<div class=\"elementor-element elementor-element-be017a7 elementor-widget elementor-widget-text-editor\" data-id=\"be017a7\" data-element_type=\"widget\" data-e-type=\"widget\" data-widget_type=\"text-editor.default\">\n\t\t\t\t<div class=\"elementor-widget-container\">\n\t\t\t\t\t\t\t\t\t<p>Les licences communautaires de nos logiciels sont accessibles via un portail sp\u00e9cialis\u00e9, de m\u00eame pour les licences sponsoris\u00e9es.&nbsp;<\/p>\n<p>Elles sont gratuites et ne donnent donc pas acc\u00e8s au support et ont leurs propres rythmes de mises \u00e0 jour. Elles sont fournies en l&rsquo;\u00e9tat, sans garantie ni support et sous la responsabilit\u00e9 unique de l&rsquo;utilisateur. L&rsquo;utilisateur est autoris\u00e9 \u00e0 les utiliser, dans le cadre d\u00e9crit dans les licences. Nous pouvons \u00e0 tout moment d\u00e9cider que les versions gratuites ne sont plus disponibles. Aucunes \u00e9volution ou correction d&rsquo;\u00e9ventuels bugs ne sera donc disponible.C<\/p>\n<p><br><\/p>\n<p><br><\/p>\n<p>Pour demandez vos licences envoyez nous un mail \u00e0 partir de la pages contact &#8230;. mettre le lien &#8230; en s\u00e9lectionnant le sujet \u00ab\u00a0C\u00eamommunity Inquiry\u00a0\u00bb. Merci de joindre tout document justifiant que vous \u00eates soit \u00e9tudiant, soit un laboratoire, une organisation non lucrative, &#8230; En cas de besoin nous pouvons vous demandez plus de pr\u00e9cision. De m\u00eame si vous repr\u00e9sentez une grande structure.<\/p>\t\t\t\t\t\t\t\t<\/div>\n\t\t\t\t<\/div>\n\t\t\t\t<div class=\"elementor-element elementor-element-433383d elementor-align-center elementor-widget elementor-widget-button\" data-id=\"433383d\" data-element_type=\"widget\" data-e-type=\"widget\" data-widget_type=\"button.default\">\n\t\t\t\t<div class=\"elementor-widget-container\">\n\t\t\t\t\t\t\t\t\t<div class=\"elementor-button-wrapper\">\n\t\t\t\t\t<a class=\"elementor-button elementor-button-link elementor-size-md\" href=\"https:\/\/shop.bildosoft.com\/fr\/nous-contacter\" target=\"_blank\">\n\t\t\t\t\t\t<span class=\"elementor-button-content-wrapper\">\n\t\t\t\t\t\t\t\t\t<span class=\"elementor-button-text\">NOUS CONTACTER<\/span>\n\t\t\t\t\t<\/span>\n\t\t\t\t\t<\/a>\n\t\t\t\t<\/div>\n\t\t\t\t\t\t\t\t<\/div>\n\t\t\t\t<\/div>\n\t\t\t\t\t<\/div>\n\t\t<\/div>\n\t\t\t\t\t<\/div>\n\t\t<\/section>\n\t\t\t\t<\/div>\n\t\t","protected":false},"excerpt":{"rendered":"<p>Les licences communautaires de nos logiciels sont accessibles via un portail sp\u00e9cialis\u00e9, de m\u00eame pour les licences sponsoris\u00e9es.&nbsp; Elles sont [&hellip;]<\/p>\n","protected":false},"author":3,"featured_media":0,"parent":0,"menu_order":0,"comment_status":"closed","ping_status":"closed","template":"","meta":{"site-sidebar-layout":"default","site-content-layout":"","ast-site-content-layout":"","site-content-style":"default","site-sidebar-style":"default","ast-global-header-display":"","ast-banner-title-visibility":"","ast-main-header-display":"","ast-hfb-above-header-display":"","ast-hfb-below-header-display":"","ast-hfb-mobile-header-display":"","site-post-title":"","ast-breadcrumbs-content":"","ast-featured-img":"","footer-sml-layout":"","theme-transparent-header-meta":"","adv-header-id-meta":"","stick-header-meta":"","header-above-stick-meta":"","header-main-stick-meta":"","header-below-stick-meta":"","astra-migrate-meta-layouts":"default","ast-page-background-enabled":"default","ast-page-background-meta":{"desktop":{"background-color":"var(--ast-global-color-4)","background-image":"","background-repeat":"repeat","background-position":"center center","background-size":"auto","background-attachment":"scroll","background-type":"","background-media":"","overlay-type":"","overlay-color":"","overlay-opacity":"","overlay-gradient":""},"tablet":{"background-color":"","background-image":"","background-repeat":"repeat","background-position":"center center","background-size":"auto","background-attachment":"scroll","background-type":"","background-media":"","overlay-type":"","overlay-color":"","overlay-opacity":"","overlay-gradient":""},"mobile":{"background-color":"","background-image":"","background-repeat":"repeat","background-position":"center center","background-size":"auto","background-attachment":"scroll","background-type":"","background-media":"","overlay-type":"","overlay-color":"","overlay-opacity":"","overlay-gradient":""}},"ast-content-background-meta":{"desktop":{"background-color":"var(--ast-global-color-5)","background-image":"","background-repeat":"repeat","background-position":"center center","background-size":"auto","background-attachment":"scroll","background-type":"","background-media":"","overlay-type":"","overlay-color":"","overlay-opacity":"","overlay-gradient":""},"tablet":{"background-color":"var(--ast-global-color-5)","background-image":"","background-repeat":"repeat","background-position":"center center","background-size":"auto","background-attachment":"scroll","background-type":"","background-media":"","overlay-type":"","overlay-color":"","overlay-opacity":"","overlay-gradient":""},"mobile":{"background-color":"var(--ast-global-color-5)","background-image":"","background-repeat":"repeat","background-position":"center center","background-size":"auto","background-attachment":"scroll","background-type":"","background-media":"","overlay-type":"","overlay-color":"","overlay-opacity":"","overlay-gradient":""}},"footnotes":""},"class_list":["post-4586","page","type-page","status-publish","hentry"],"yoast_head":"<!-- This site is optimized with the Yoast SEO plugin v23.1 - https:\/\/yoast.com\/wordpress\/plugins\/seo\/ -->\n<title>BildoSoft Community - Bildosoft Microscopy<\/title>\n<meta name=\"robots\" content=\"index, follow, max-snippet:-1, max-image-preview:large, max-video-preview:-1\" \/>\n<link rel=\"canonical\" href=\"https:\/\/microscopy.bildosoft.com\/index.php\/fr\/bildosoft-community\/\" \/>\n<meta property=\"og:locale\" content=\"fr_FR\" \/>\n<meta property=\"og:type\" content=\"article\" \/>\n<meta property=\"og:title\" content=\"BildoSoft Community - Bildosoft Microscopy\" \/>\n<meta property=\"og:description\" content=\"Les licences communautaires de nos logiciels sont accessibles via un portail sp\u00e9cialis\u00e9, de m\u00eame pour les licences sponsoris\u00e9es.&nbsp; Elles sont [&hellip;]\" \/>\n<meta property=\"og:url\" content=\"https:\/\/microscopy.bildosoft.com\/index.php\/fr\/bildosoft-community\/\" \/>\n<meta property=\"og:site_name\" content=\"Bildosoft Microscopy\" \/>\n<meta property=\"article:modified_time\" content=\"2023-09-29T09:49:45+00:00\" \/>\n<meta name=\"twitter:card\" content=\"summary_large_image\" \/>\n<meta name=\"twitter:label1\" content=\"Dur\u00e9e de lecture estim\u00e9e\" \/>\n\t<meta name=\"twitter:data1\" content=\"1 minute\" \/>\n<script type=\"application\/ld+json\" class=\"yoast-schema-graph\">{\"@context\":\"https:\/\/schema.org\",\"@graph\":[{\"@type\":\"WebPage\",\"@id\":\"https:\/\/microscopy.bildosoft.com\/index.php\/fr\/bildosoft-community\/\",\"url\":\"https:\/\/microscopy.bildosoft.com\/index.php\/fr\/bildosoft-community\/\",\"name\":\"BildoSoft Community - Bildosoft Microscopy\",\"isPartOf\":{\"@id\":\"https:\/\/microscopy.bildosoft.com\/#website\"},\"datePublished\":\"2023-06-15T06:37:51+00:00\",\"dateModified\":\"2023-09-29T09:49:45+00:00\",\"breadcrumb\":{\"@id\":\"https:\/\/microscopy.bildosoft.com\/index.php\/fr\/bildosoft-community\/#breadcrumb\"},\"inLanguage\":\"fr-FR\",\"potentialAction\":[{\"@type\":\"ReadAction\",\"target\":[\"https:\/\/microscopy.bildosoft.com\/index.php\/fr\/bildosoft-community\/\"]}]},{\"@type\":\"BreadcrumbList\",\"@id\":\"https:\/\/microscopy.bildosoft.com\/index.php\/fr\/bildosoft-community\/#breadcrumb\",\"itemListElement\":[{\"@type\":\"ListItem\",\"position\":1,\"name\":\"Accueil\",\"item\":\"https:\/\/microscopy.bildosoft.com\/\"},{\"@type\":\"ListItem\",\"position\":2,\"name\":\"BildoSoft Community\"}]},{\"@type\":\"WebSite\",\"@id\":\"https:\/\/microscopy.bildosoft.com\/#website\",\"url\":\"https:\/\/microscopy.bildosoft.com\/\",\"name\":\"Bildosoft Microscopy\",\"description\":\"\",\"publisher\":{\"@id\":\"https:\/\/microscopy.bildosoft.com\/#organization\"},\"potentialAction\":[{\"@type\":\"SearchAction\",\"target\":{\"@type\":\"EntryPoint\",\"urlTemplate\":\"https:\/\/microscopy.bildosoft.com\/?s={search_term_string}\"},\"query-input\":\"required name=search_term_string\"}],\"inLanguage\":\"fr-FR\"},{\"@type\":\"Organization\",\"@id\":\"https:\/\/microscopy.bildosoft.com\/#organization\",\"name\":\"Bildosoft Microscopy\",\"url\":\"https:\/\/microscopy.bildosoft.com\/\",\"logo\":{\"@type\":\"ImageObject\",\"inLanguage\":\"fr-FR\",\"@id\":\"https:\/\/microscopy.bildosoft.com\/#\/schema\/logo\/image\/\",\"url\":\"https:\/\/microscopy.bildosoft.com\/wp-content\/uploads\/2021\/05\/cropped-logo-pestashop-bildosoft.png\",\"contentUrl\":\"https:\/\/microscopy.bildosoft.com\/wp-content\/uploads\/2021\/05\/cropped-logo-pestashop-bildosoft.png\",\"width\":350,\"height\":99,\"caption\":\"Bildosoft Microscopy\"},\"image\":{\"@id\":\"https:\/\/microscopy.bildosoft.com\/#\/schema\/logo\/image\/\"}}]}<\/script>\n<!-- \/ Yoast SEO plugin. -->","yoast_head_json":{"title":"BildoSoft Community - Bildosoft Microscopy","robots":{"index":"index","follow":"follow","max-snippet":"max-snippet:-1","max-image-preview":"max-image-preview:large","max-video-preview":"max-video-preview:-1"},"canonical":"https:\/\/microscopy.bildosoft.com\/index.php\/fr\/bildosoft-community\/","og_locale":"fr_FR","og_type":"article","og_title":"BildoSoft Community - Bildosoft Microscopy","og_description":"Les licences communautaires de nos logiciels sont accessibles via un portail sp\u00e9cialis\u00e9, de m\u00eame pour les licences sponsoris\u00e9es.&nbsp; Elles sont [&hellip;]","og_url":"https:\/\/microscopy.bildosoft.com\/index.php\/fr\/bildosoft-community\/","og_site_name":"Bildosoft Microscopy","article_modified_time":"2023-09-29T09:49:45+00:00","twitter_card":"summary_large_image","twitter_misc":{"Dur\u00e9e de lecture estim\u00e9e":"1 minute"},"schema":{"@context":"https:\/\/schema.org","@graph":[{"@type":"WebPage","@id":"https:\/\/microscopy.bildosoft.com\/index.php\/fr\/bildosoft-community\/","url":"https:\/\/microscopy.bildosoft.com\/index.php\/fr\/bildosoft-community\/","name":"BildoSoft Community - Bildosoft Microscopy","isPartOf":{"@id":"https:\/\/microscopy.bildosoft.com\/#website"},"datePublished":"2023-06-15T06:37:51+00:00","dateModified":"2023-09-29T09:49:45+00:00","breadcrumb":{"@id":"https:\/\/microscopy.bildosoft.com\/index.php\/fr\/bildosoft-community\/#breadcrumb"},"inLanguage":"fr-FR","potentialAction":[{"@type":"ReadAction","target":["https:\/\/microscopy.bildosoft.com\/index.php\/fr\/bildosoft-community\/"]}]},{"@type":"BreadcrumbList","@id":"https:\/\/microscopy.bildosoft.com\/index.php\/fr\/bildosoft-community\/#breadcrumb","itemListElement":[{"@type":"ListItem","position":1,"name":"Accueil","item":"https:\/\/microscopy.bildosoft.com\/"},{"@type":"ListItem","position":2,"name":"BildoSoft Community"}]},{"@type":"WebSite","@id":"https:\/\/microscopy.bildosoft.com\/#website","url":"https:\/\/microscopy.bildosoft.com\/","name":"Bildosoft Microscopy","description":"","publisher":{"@id":"https:\/\/microscopy.bildosoft.com\/#organization"},"potentialAction":[{"@type":"SearchAction","target":{"@type":"EntryPoint","urlTemplate":"https:\/\/microscopy.bildosoft.com\/?s={search_term_string}"},"query-input":"required name=search_term_string"}],"inLanguage":"fr-FR"},{"@type":"Organization","@id":"https:\/\/microscopy.bildosoft.com\/#organization","name":"Bildosoft Microscopy","url":"https:\/\/microscopy.bildosoft.com\/","logo":{"@type":"ImageObject","inLanguage":"fr-FR","@id":"https:\/\/microscopy.bildosoft.com\/#\/schema\/logo\/image\/","url":"https:\/\/microscopy.bildosoft.com\/wp-content\/uploads\/2021\/05\/cropped-logo-pestashop-bildosoft.png","contentUrl":"https:\/\/microscopy.bildosoft.com\/wp-content\/uploads\/2021\/05\/cropped-logo-pestashop-bildosoft.png","width":350,"height":99,"caption":"Bildosoft Microscopy"},"image":{"@id":"https:\/\/microscopy.bildosoft.com\/#\/schema\/logo\/image\/"}}]}},"_links":{"self":[{"href":"https:\/\/microscopy.bildosoft.com\/index.php\/wp-json\/wp\/v2\/pages\/4586","targetHints":{"allow":["GET"]}}],"collection":[{"href":"https:\/\/microscopy.bildosoft.com\/index.php\/wp-json\/wp\/v2\/pages"}],"about":[{"href":"https:\/\/microscopy.bildosoft.com\/index.php\/wp-json\/wp\/v2\/types\/page"}],"author":[{"embeddable":true,"href":"https:\/\/microscopy.bildosoft.com\/index.php\/wp-json\/wp\/v2\/users\/3"}],"replies":[{"embeddable":true,"href":"https:\/\/microscopy.bildosoft.com\/index.php\/wp-json\/wp\/v2\/comments?post=4586"}],"version-history":[{"count":22,"href":"https:\/\/microscopy.bildosoft.com\/index.php\/wp-json\/wp\/v2\/pages\/4586\/revisions"}],"predecessor-version":[{"id":4883,"href":"https:\/\/microscopy.bildosoft.com\/index.php\/wp-json\/wp\/v2\/pages\/4586\/revisions\/4883"}],"wp:attachment":[{"href":"https:\/\/microscopy.bildosoft.com\/index.php\/wp-json\/wp\/v2\/media?parent=4586"}],"curies":[{"name":"wp","href":"https:\/\/api.w.org\/{rel}","templated":true}]}}